at is the tens digit of r?
1
Suppose -4*v - 2*u + 12 = 0, -5*u + u = -2*v - 4. Suppose -42 = -v*r - 0*r. What is the units digit of r?
1
Suppose -5*u = -2*u + 9. Let p = 27 + u. What is the tens digit of p?
2
Let a = 2 + 0. Let u(y) = 5 - a*y + y - 2 - 4. What is the units digit of u(-2)?
1
What is the tens digit of 6/4*(-106)/(-3)?
5
Suppose 0 = 3*k + 5*p - 110 - 100, -3*k + 210 = -5*p. What is the tens digit of k?
7
Let d(y) = -7*y**2 - 2*y - 2. Let v(a) = 3*a**2 + a + 1. Let r(q) = 2*d(q) + 5*v(q). What is the units digit of r(-3)?
7
Let p be (-2)/4*(-12)/3. Suppose p*y + 7 - 27 = 0. What is the units digit of y?
0
Let b(x) = x - 1. What is the units digit of b(8)?
7
Suppose 36*j - 47*j = -3256. What is the tens digit of j?
9
What is the units digit of 3/(3/(-6) + -1) - -6?
4
Let w(c) = 8*c + 4. Suppose -12 = -5*h + 13. What is the units digit of w(h)?
4
Suppose 103 = 5*m - 2*k + 15, 5*k = -m + 23. Let g = m - 13. What is the units digit of g?
5
Let f = 0 - -4. Suppose f*u = 27 + 25. What is the units digit of u?
3
Suppose -3*b = -2*s - 3, -5*s + 3*b = -b + 4. Suppose 0 = -3*x + 2*j + 13, -j + 0*j = -1. Suppose x*f - 25 + s = 0. What is the units digit of f?
5
Let y(m) = -3*m**3 + m. Let d be y(-2). Suppose c = -2*a - 0*a - 16, -2*a + 2*c - d = 0. What is the units digit of (6/a)/(2/(-15))?
5
Let a(u) = 3*u**3 + 2*u**2 - 2*u + 2. Let j be a(2). What is the tens digit of 230/12 + (-5)/j?
1
Suppose -z + q = 2*q - 6, q - 38 = -5*z. What is the units digit of (-2)/z + (-9)/(-4)?
2
Suppose -24 = -0*a - 3*a. What is the units digit of a?
8
Let p(c) = 4*c**2 - 5*c + 7. What is the tens digit of p(3)?
2
Let p(z) = -z**3 - 5*z**2 - 3*z - 1. Let m be p(-3). Let a(w) = -w + 2. What is the units digit of a(m)?
2
Let d(t) = 2*t**2 - 2*t + 3. Suppose -4*h = -21 + 5. Suppose 8 = -0*a + h*a. What is the units digit of d(a)?
7
Suppose -3*a = z - 4, 2*z + 4*a - 15 - 3 = 0. What is the tens digit of z?
1
What is the hundreds digit of 5034/30 - ((-14)/(-5) + -2)?
1
Suppose 4*w - 5*w = 5. Let x = w - -8. Let p = x + -2. What is the units digit of p?
1
Suppose -3*i - 8 = -y, -2*i - 3*i = -4*y + 11. What is the tens digit of -1 - 29/(-1) - i?
3
Let y(c) = c**2 - c. Suppose -66 + 26 = -5*s. Suppose z - 3*v = s, 5*v + 10 + 1 = 4*z. What is the units digit of y(z)?
2
Let w(k) = k**2 + 7*k + 6. Let s be w(-7). What is the units digit of 2/s - (-11)/3?
4
Let k(g) = -167*g + 7. What is the hundreds digit of k(-1)?
1
Let q be 14 + (-12)/(-3) + -2. Suppose l - 17 = -m, 3*m - 3*l - l = q. What is the tens digit of m?
1
Let m(b) = -b**2 - b + 47. What is the units digit of m(0)?
7
Let g(q) = 2*q**2 + 5*q + 4. Suppose r = -3 - 0. What is the units digit of g(r)?
7
Let u = 10 - 6. Let l(x) = -x**2 + 5*x - 1. Let w be l(u). Suppose 0 = w*y - 7 - 8. What is the units digit of y?
5
Let v = -71 - -117. What is the units digit of v?
6
Suppose o + 13 = -5*f, 51 = o + 2*o - 3*f. Suppose 4*x + o = 8*x. Suppose 0 = -3*v + g + 16, -3*v + v = -x*g - 6. What is the units digit of v?
6
Let a = 10 + -3. Suppose l + 18 = -3*j, -4*l = 2*j + 20 + 12. Let q = a + l. What is the units digit of q?
1
Let x be (-10)/15 + 34/6. What is the units digit of (-92)/x*55/(-22)?
6
Let j be (1/1)/(3/15). Suppose -3*m - 2*m - q - 33 = 0, 0 = -j*m + 3*q - 21. What is the units digit of 0*(-3)/m + 6?
6
Let c(t) = -t + 5. What is the units digit of c(-4)?
9
Let c be -1 + -117 + (-4 - -4). What is the tens digit of 1/4 + c/(-8)?
1
What is the units digit of (-5)/((-130)/724) - (-16)/104?
8
Suppose 8*l - 6*l - 14 = 0. What is the units digit of l/(-2)*16/(-28)?
2
Suppose 2*j = -5*x + 15, 3*x + 3 = -2*j + 16. Let m(p) = p + 9. Let s be m(8). Suppose 3*t - x = s. What is the units digit of t?
6
Let t(v) = 29*v + 6. What is the units digit of t(6)?
0
Let i be (-2)/((-60)/31 + 2). Let u = i + 60. What is the units digit of u?
9
Suppose 1640 = 3*v + 7*v. What is the hundreds digit of v?
1
Suppose 0 = 4*s + 2*o - 144, 3*s + o - 55 = 52. Let q = s + -19. What is the tens digit of q?
1
Suppose -6*j - 5*k + 157 = -2*j, -25 = -5*k. Suppose 5*q + 49 = 2*x, 4*x - j - 50 = 5*q. Suppose -4*b = 4*r - x - 23, 2*r - 9 = -b. What is the tens digit of b?
1
Suppose -5*z + 5*v = 3*v - 6, 2*v = -4*z + 12. Suppose -4 + 22 = z*f. What is the units digit of f?
9
Let w(n) be the first derivative of 4*n**2 + 4*n + 2. Let l be w(-3). Let h = l - -31. What is the tens digit of h?
1
Suppose 2*n - s = -5*s + 100, -4*s = -3*n + 140. What is the units digit of (-3 + n + 2)/1?
7
Let b be 77/(-5) + 6/15. Let g be (b/(-6))/((-2)/(-4)). Suppose c + 10 = 4*d, -g*d + d - 4*c = 0. What is the units digit of d?
2
Suppose -320 = -5*m + 4*r, -64 = -m + r - 4*r. What is the units digit of m?
4
Suppose 4*x + x + 545 = 5*j, 2*j + 5*x - 225 = 0. What is the hundreds digit of j?
1
What is the units digit of (2/4)/(6/372)?
1
Let o = 7 + 5. Suppose 0 = j - o + 4. Let u = j + 1. What is the units digit of u?
9
Let y be 2 - (-3)/(-6)*2. Let c(l) = -2*l**3 - l**2 + l. Let m be c(y). What is the units digit of (-86)/(-11) + m/(-11)?
8
Let k(a) = 2*a**2 - 2*a. Let m be k(-4). Suppose -5*r + 30 = -m. What is the units digit of r?
4
Suppose -2*c + 2*s + 6 = c, -2*s = 0. Suppose 4 = -c*o - 2. What is the units digit of (6*1)/((-2)/o)?
9
Let c = 30 + -4. What is the tens digit of c?
2
What is the tens digit of (533/52)/((-2)/(-8))?
4
Suppose 625 = 3*t - t - 3*p, 5*t - 2*p - 1568 = 0. What is the units digit of t?
4
Let s(t) = 6*t - 9. Let b(p) = -5*p + 9. Let m(q) = -4*b(q) - 3*s(q). What is the units digit of m(7)?
5
Suppose -24 = 3*s + f + 2*f, -3*s - 19 = 2*f. What is the tens digit of 2*(16 - s/3)?
3
Suppose 4*l - 2*l - 2*s - 424 = 0, 0 = -5*l + 4*s + 1064. What is the units digit of l?
6
Let v = 171 + -58. What is the hundreds digit of v?
1
Let v(i) = -i + 2. Let s be v(4). Let b be 4/(-5)*10/s. What is the units digit of 10*b*3/15?
8
Suppose 5*n = 2*i + 338, 0 = 5*n + 2*i - 444 + 102. What is the units digit of n?
8
Suppose 3*f = h + 3*h + 34, -h = -3*f + 22. Suppose f = -p - 2*p. Let s = 4 - p. What is the units digit of s?
6
What is the tens digit of -58*(-1 + (-1)/(-2))?
2
Let c(f) = -f - 4. Let v(y) = y**2 + 7*y + 6. Let w be v(-8). Suppose 2*z + w = -0*z. What is the units digit of c(z)?
3
Let x = 98 + -13. What is the units digit of x?
5
Suppose -5*a + 14 = -3*a + 4*u, 0 = 2*a - 2*u - 32. What is the units digit of ((-31)/5)/(a/(-65))?
1
Suppose 0 = 3*t - 4*t + 3. Suppose 3*m = -4*s - 43, -t*m - s - 4*s = 47. Let p = m + 16. What is the units digit of p?
7
Suppose 3*r - 48 = -4*l, r - 8 = 3*l + 8. What is the units digit of r?
6
Let x be 85 + (-3)/(2/(-2)). Let i = x + -56. What is the tens digit of i?
3
Suppose 0 = -3*r + 4*x + 701, -r + 3*x + 923 = 3*r. What is the units digit of r?
7
Let s(m) = 8*m**3 + 3. What is the units digit of s(2)?
7
Suppose 194 = 11*g - 246. What is the tens digit of g?
4
What is the units digit of (-1284)/(-30) - 16/20?
2
Suppose 0 = 3*w - 9. Let d(l) = 3*l + 5. Let b(z) = 2*z + 3. Let t(g) = 5*b(g) - 3*d(g). What is the units digit of t(w)?
3
Let r be 195/(-6)*(0 - 2). Let x = r - 25. What is the tens digit of x?
4
Suppose p + 3*y - 10 = 0, 0*y - 16 = -3*p - 2*y. Suppose q + q = -4*o - p, -4 = -4*o. What is the units digit of (1 + q)*(-1 - 0)?
3
Suppose -q + 60 = 3*q. Let r = 6 + 9. Suppose 3*s - q = r. What is the tens digit of s?
1
Let j = 28 + 28. Let p = j + -11. Suppose -5*u + p - 5 = 0. What is the units digit of u?
8
Let x be (11/3)/(2/12). Suppose 1 - 2 = -3*g + 2*w, x = 2*g + 4*w. Suppose v - 4*v - z = -23, g*v = -4*z + 38. What is the units digit of v?
6
Let y(z) = z - 1. Let b be y(-7). Let o = -6 - b. Let q = o - -3. What is the units digit of q?
5
Let z = 61 + -44. What is the tens digit of z?
1
Let v be ((-4)/(-8))/(1/4). Let t = -2 - v. What is the units digit of (-70)/(-8) + (-1)/t?
9
Let i(c) = c**3 - 8*c**2 - 8*c - 8. Let h be (-2)/(-6) - (-2)/(-6). Let n be h + 7 + 0 + 2. What is the units digit of i(n)?
1
Let v(y) = y**2 + 10*y + 9. Suppose r + 12 - 1 = 0. What is the tens digit of v(r)?
2
Suppose -4*n + 13 = -4*c - c, 5*n + c = 9. Suppose -n*s + 2*x = 2*s - 30, -5*s = -3*x - 39. What is the units digit of (s/(-9))/(2/(-3))?
1
Suppose r = 2*b - 8 + 2, 4*r - 4*b = -12. Suppose -y + 0*y + 12 = r. What is 